{"id":17,"date":"2023-04-27T18:42:16","date_gmt":"2023-04-27T16:42:16","guid":{"rendered":"https:\/\/diplomatis.fr\/?page_id=17"},"modified":"2023-09-02T08:41:28","modified_gmt":"2023-09-02T06:41:28","slug":"bull-geopolitique","status":"publish","type":"page","link":"https:\/\/diplomatis.fr\/?page_id=17","title":{"rendered":"Bull&rsquo; G\u00e9opo&rsquo;"},"content":{"rendered":"","protected":false},"excerpt":{"rendered":"","protected":false},"author":1,"featured_media":0,"parent":0,"menu_order":0,"comment_status":"closed","ping_status":"closed","template":"","meta":{"inspiro_hide_title":false,"footnotes":""},"class_list":["post-17","page","type-page","status-publish","hentry"],"yoast_head":"<!-- This site is optimized with the Yoast SEO plugin v27.3 - https:\/\/yoast.com\/product\/yoast-seo-wordpress\/ -->\n<title>Bull&#039; G\u00e9opo&#039; - Diplomatis<\/title>\n<meta name=\"description\" content=\"Bull&#039; G\u00e9opo&#039;, une synth\u00e8se des \u00e9v\u00e8nements g\u00e9opolitiques qui se sont d\u00e9roul\u00e9s durant la semaine qui vient de s&#039;\u00e9couler.\" \/>\n<meta name=\"robots\" content=\"index, follow, max-snippet:-1, max-image-preview:large, max-video-preview:-1\" \/>\n<link rel=\"canonical\" href=\"https:\/\/diplomatis.fr\/?page_id=17\" \/>\n<meta property=\"og:locale\" content=\"fr_FR\" \/>\n<meta property=\"og:type\" content=\"article\" \/>\n<meta property=\"og:title\" content=\"Bull&#039; G\u00e9opo&#039; - Diplomatis\" \/>\n<meta property=\"og:description\" content=\"Bull&#039; G\u00e9opo&#039;, une synth\u00e8se des \u00e9v\u00e8nements g\u00e9opolitiques qui se sont d\u00e9roul\u00e9s durant la semaine qui vient de s&#039;\u00e9couler.\" \/>\n<meta property=\"og:url\" content=\"https:\/\/diplomatis.fr\/?page_id=17\" \/>\n<meta property=\"og:site_name\" content=\"Diplomatis\" \/>\n<meta property=\"article:modified_time\" content=\"2023-09-02T06:41:28+00:00\" \/>\n<meta name=\"twitter:card\" content=\"summary_large_image\" \/>\n<script type=\"application\/ld+json\" class=\"yoast-schema-graph\">{\"@context\":\"https:\\\/\\\/schema.org\",\"@graph\":[{\"@type\":\"WebPage\",\"@id\":\"https:\\\/\\\/diplomatis.fr\\\/?page_id=17\",\"url\":\"https:\\\/\\\/diplomatis.fr\\\/?page_id=17\",\"name\":\"Bull' G\u00e9opo' - Diplomatis\",\"isPartOf\":{\"@id\":\"https:\\\/\\\/diplomatis.fr\\\/#website\"},\"datePublished\":\"2023-04-27T16:42:16+00:00\",\"dateModified\":\"2023-09-02T06:41:28+00:00\",\"description\":\"Bull' G\u00e9opo', une synth\u00e8se des \u00e9v\u00e8nements g\u00e9opolitiques qui se sont d\u00e9roul\u00e9s durant la semaine qui vient de s'\u00e9couler.\",\"breadcrumb\":{\"@id\":\"https:\\\/\\\/diplomatis.fr\\\/?page_id=17#breadcrumb\"},\"inLanguage\":\"fr-FR\",\"potentialAction\":[{\"@type\":\"ReadAction\",\"target\":[\"https:\\\/\\\/diplomatis.fr\\\/?page_id=17\"]}]},{\"@type\":\"BreadcrumbList\",\"@id\":\"https:\\\/\\\/diplomatis.fr\\\/?page_id=17#breadcrumb\",\"itemListElement\":[{\"@type\":\"ListItem\",\"position\":1,\"name\":\"Accueil\",\"item\":\"https:\\\/\\\/diplomatis.fr\\\/\"},{\"@type\":\"ListItem\",\"position\":2,\"name\":\"Bull&rsquo; G\u00e9opo&rsquo;\"}]},{\"@type\":\"WebSite\",\"@id\":\"https:\\\/\\\/diplomatis.fr\\\/#website\",\"url\":\"https:\\\/\\\/diplomatis.fr\\\/\",\"name\":\"Diplomatis\",\"description\":\"Comprendre le monde ! \",\"publisher\":{\"@id\":\"https:\\\/\\\/diplomatis.fr\\\/#organization\"},\"potentialAction\":[{\"@type\":\"SearchAction\",\"target\":{\"@type\":\"EntryPoint\",\"urlTemplate\":\"https:\\\/\\\/diplomatis.fr\\\/?s={search_term_string}\"},\"query-input\":{\"@type\":\"PropertyValueSpecification\",\"valueRequired\":true,\"valueName\":\"search_term_string\"}}],\"inLanguage\":\"fr-FR\"},{\"@type\":\"Organization\",\"@id\":\"https:\\\/\\\/diplomatis.fr\\\/#organization\",\"name\":\"Diplomatis\",\"url\":\"https:\\\/\\\/diplomatis.fr\\\/\",\"logo\":{\"@type\":\"ImageObject\",\"inLanguage\":\"fr-FR\",\"@id\":\"https:\\\/\\\/diplomatis.fr\\\/#\\\/schema\\\/logo\\\/image\\\/\",\"url\":\"https:\\\/\\\/diplomatis.fr\\\/wp-content\\\/uploads\\\/2023\\\/06\\\/cropped-cropped-DIPLOMATIS.jpg\",\"contentUrl\":\"https:\\\/\\\/diplomatis.fr\\\/wp-content\\\/uploads\\\/2023\\\/06\\\/cropped-cropped-DIPLOMATIS.jpg\",\"width\":512,\"height\":512,\"caption\":\"Diplomatis\"},\"image\":{\"@id\":\"https:\\\/\\\/diplomatis.fr\\\/#\\\/schema\\\/logo\\\/image\\\/\"}}]}<\/script>\n<!-- \/ Yoast SEO plugin. -->","yoast_head_json":{"title":"Bull' G\u00e9opo' - Diplomatis","description":"Bull' G\u00e9opo', une synth\u00e8se des \u00e9v\u00e8nements g\u00e9opolitiques qui se sont d\u00e9roul\u00e9s durant la semaine qui vient de s'\u00e9couler.","robots":{"index":"index","follow":"follow","max-snippet":"max-snippet:-1","max-image-preview":"max-image-preview:large","max-video-preview":"max-video-preview:-1"},"canonical":"https:\/\/diplomatis.fr\/?page_id=17","og_locale":"fr_FR","og_type":"article","og_title":"Bull' G\u00e9opo' - Diplomatis","og_description":"Bull' G\u00e9opo', une synth\u00e8se des \u00e9v\u00e8nements g\u00e9opolitiques qui se sont d\u00e9roul\u00e9s durant la semaine qui vient de s'\u00e9couler.","og_url":"https:\/\/diplomatis.fr\/?page_id=17","og_site_name":"Diplomatis","article_modified_time":"2023-09-02T06:41:28+00:00","twitter_card":"summary_large_image","schema":{"@context":"https:\/\/schema.org","@graph":[{"@type":"WebPage","@id":"https:\/\/diplomatis.fr\/?page_id=17","url":"https:\/\/diplomatis.fr\/?page_id=17","name":"Bull' G\u00e9opo' - Diplomatis","isPartOf":{"@id":"https:\/\/diplomatis.fr\/#website"},"datePublished":"2023-04-27T16:42:16+00:00","dateModified":"2023-09-02T06:41:28+00:00","description":"Bull' G\u00e9opo', une synth\u00e8se des \u00e9v\u00e8nements g\u00e9opolitiques qui se sont d\u00e9roul\u00e9s durant la semaine qui vient de s'\u00e9couler.","breadcrumb":{"@id":"https:\/\/diplomatis.fr\/?page_id=17#breadcrumb"},"inLanguage":"fr-FR","potentialAction":[{"@type":"ReadAction","target":["https:\/\/diplomatis.fr\/?page_id=17"]}]},{"@type":"BreadcrumbList","@id":"https:\/\/diplomatis.fr\/?page_id=17#breadcrumb","itemListElement":[{"@type":"ListItem","position":1,"name":"Accueil","item":"https:\/\/diplomatis.fr\/"},{"@type":"ListItem","position":2,"name":"Bull&rsquo; G\u00e9opo&rsquo;"}]},{"@type":"WebSite","@id":"https:\/\/diplomatis.fr\/#website","url":"https:\/\/diplomatis.fr\/","name":"Diplomatis","description":"Comprendre le monde ! ","publisher":{"@id":"https:\/\/diplomatis.fr\/#organization"},"potentialAction":[{"@type":"SearchAction","target":{"@type":"EntryPoint","urlTemplate":"https:\/\/diplomatis.fr\/?s={search_term_string}"},"query-input":{"@type":"PropertyValueSpecification","valueRequired":true,"valueName":"search_term_string"}}],"inLanguage":"fr-FR"},{"@type":"Organization","@id":"https:\/\/diplomatis.fr\/#organization","name":"Diplomatis","url":"https:\/\/diplomatis.fr\/","logo":{"@type":"ImageObject","inLanguage":"fr-FR","@id":"https:\/\/diplomatis.fr\/#\/schema\/logo\/image\/","url":"https:\/\/diplomatis.fr\/wp-content\/uploads\/2023\/06\/cropped-cropped-DIPLOMATIS.jpg","contentUrl":"https:\/\/diplomatis.fr\/wp-content\/uploads\/2023\/06\/cropped-cropped-DIPLOMATIS.jpg","width":512,"height":512,"caption":"Diplomatis"},"image":{"@id":"https:\/\/diplomatis.fr\/#\/schema\/logo\/image\/"}}]}},"_links":{"self":[{"href":"https:\/\/diplomatis.fr\/index.php?rest_route=\/wp\/v2\/pages\/17","targetHints":{"allow":["GET"]}}],"collection":[{"href":"https:\/\/diplomatis.fr\/index.php?rest_route=\/wp\/v2\/pages"}],"about":[{"href":"https:\/\/diplomatis.fr\/index.php?rest_route=\/wp\/v2\/types\/page"}],"author":[{"embeddable":true,"href":"https:\/\/diplomatis.fr\/index.php?rest_route=\/wp\/v2\/users\/1"}],"replies":[{"embeddable":true,"href":"https:\/\/diplomatis.fr\/index.php?rest_route=%2Fwp%2Fv2%2Fcomments&post=17"}],"version-history":[{"count":2,"href":"https:\/\/diplomatis.fr\/index.php?rest_route=\/wp\/v2\/pages\/17\/revisions"}],"predecessor-version":[{"id":132,"href":"https:\/\/diplomatis.fr\/index.php?rest_route=\/wp\/v2\/pages\/17\/revisions\/132"}],"wp:attachment":[{"href":"https:\/\/diplomatis.fr\/index.php?rest_route=%2Fwp%2Fv2%2Fmedia&parent=17"}],"curies":[{"name":"wp","href":"https:\/\/api.w.org\/{rel}","templated":true}]}}